{"id":169,"date":"2025-12-10T00:54:51","date_gmt":"2025-12-10T00:54:51","guid":{"rendered":"https:\/\/palegreen-termite-454300.hostingersite.com\/?post_type=product&#038;p=169"},"modified":"2025-12-13T02:00:17","modified_gmt":"2025-12-13T02:00:17","slug":"lapes-tiras-nasales","status":"publish","type":"product","link":"https:\/\/lapes.com.ar\/?product=lapes-tiras-nasales","title":{"rendered":"LAPES &#8211; Tiras Nasales"},"content":{"rendered":"<p>Tiras Nasales Transparentes <strong>LAPES \u2013 Pack x30<\/strong> Respir\u00e1 mejor y con total discreci\u00f3n. Las tiras nasales descartables <strong>LAPES<\/strong> est\u00e1n dise\u00f1adas para abrir suavemente las fosas nasales,<strong> mejorando el flujo de aire y reduciendo la congesti\u00f3n<\/strong>. A diferencia de otras tiras, su acabado transparente las hace casi invisibles, ideales para usar durante el d\u00eda, en el trabajo, al hacer deporte o al dormir.<\/p>\n<p><strong>&#8211; Pack econ\u00f3mico de 30 unidades:<\/strong> pr\u00e1ctico y duradero.<\/p>\n<p><strong>&#8211; Transparencia total:<\/strong> discreci\u00f3n sin comprometer efectividad.<\/p>\n<p><strong>&#8211; Uso c\u00f3modo y seguro:<\/strong> material hipoalerg\u00e9nico, suave con la piel.<\/p>\n<p><strong>&#8211; Beneficios inmediatos:<\/strong> ayuda a reducir ronquidos, mejorar la respiraci\u00f3n y aumentar el rendimiento f\u00edsico.<\/p>\n<p><strong>&#8211; Descartables:<\/strong> higiene garantizada en cada aplicaci\u00f3n.<\/p>\n<p><em><strong>Con LAPES, tu respiraci\u00f3n se vuelve m\u00e1s libre y natural, sin que nadie note que las est\u00e1s usando<\/strong><\/em><\/p>\n\n    <div class=\"xs_social_share_widget xs_share_url after_content \t\tmain_content  wslu-style-1 wslu-share-box-shaped wslu-fill-colored wslu-none wslu-share-horizontal wslu-theme-font-no wslu-main_content\">\n\n\t\t\n        <ul>\n\t\t\t        <\/ul>\n    <\/div> \n","protected":false},"excerpt":{"rendered":"<p>Tiras Nasales Transparentes LAPES \u2013 Pack x30 Respir\u00e1 mejor y con total discreci\u00f3n. Las tiras nasales descartables LAPES est\u00e1n dise\u00f1adas para abrir suavemente las fosas nasales, mejorando el flujo de aire y reduciendo la congesti\u00f3n. A diferencia de otras tiras, su acabado transparente las hace casi invisibles, ideales para usar durante el d\u00eda, en el trabajo, al hacer deporte o al dormir. &#8211; Pack econ\u00f3mico de 30 unidades: pr\u00e1ctico y duradero. &#8211; Transparencia total: discreci\u00f3n sin comprometer efectividad. &#8211; Uso c\u00f3modo y seguro: material hipoalerg\u00e9nico, suave con la piel. &#8211; Beneficios inmediatos: ayuda a reducir ronquidos, mejorar la respiraci\u00f3n y aumentar el rendimiento f\u00edsico. &#8211; Descartables: higiene garantizada en cada aplicaci\u00f3n. Con LAPES, tu respiraci\u00f3n se vuelve m\u00e1s libre y natural, sin que nadie note que las est\u00e1s usando<\/p>\n","protected":false},"featured_media":65,"comment_status":"open","ping_status":"closed","template":"","meta":{"postBodyCss":"","postBodyMargin":[],"postBodyPadding":[],"postBodyBackground":{"backgroundType":"classic","gradient":""}},"product_brand":[],"product_cat":[17],"product_tag":[],"class_list":{"0":"post-169","1":"product","2":"type-product","3":"status-publish","4":"has-post-thumbnail","6":"product_cat-sin-categorizar","8":"first","9":"instock","10":"shipping-taxable","11":"purchasable","12":"product-type-simple"},"yoast_head":"<!-- This site is optimized with the Yoast SEO plugin v27.3 - https:\/\/yoast.com\/product\/yoast-seo-wordpress\/ -->\n<title>LAPES - Tiras Nasales - LAPES<\/title>\n<meta name=\"robots\" content=\"index, follow, max-snippet:-1, max-image-preview:large, max-video-preview:-1\" \/>\n<link rel=\"canonical\" href=\"https:\/\/lapes.com.ar\/?product=lapes-tiras-nasales\" \/>\n<meta property=\"og:locale\" content=\"es_ES\" \/>\n<meta property=\"og:type\" content=\"article\" \/>\n<meta property=\"og:title\" content=\"LAPES - Tiras Nasales - LAPES\" \/>\n<meta property=\"og:description\" content=\"Tiras Nasales Transparentes LAPES \u2013 Pack x30 Respir\u00e1 mejor y con total discreci\u00f3n. Las tiras nasales descartables LAPES est\u00e1n dise\u00f1adas para abrir suavemente las fosas nasales, mejorando el flujo de aire y reduciendo la congesti\u00f3n. A diferencia de otras tiras, su acabado transparente las hace casi invisibles, ideales para usar durante el d\u00eda, en el trabajo, al hacer deporte o al dormir. &#8211; Pack econ\u00f3mico de 30 unidades: pr\u00e1ctico y duradero. &#8211; Transparencia total: discreci\u00f3n sin comprometer efectividad. &#8211; Uso c\u00f3modo y seguro: material hipoalerg\u00e9nico, suave con la piel. &#8211; Beneficios inmediatos: ayuda a reducir ronquidos, mejorar la respiraci\u00f3n y aumentar el rendimiento f\u00edsico. &#8211; Descartables: higiene garantizada en cada aplicaci\u00f3n. Con LAPES, tu respiraci\u00f3n se vuelve m\u00e1s libre y natural, sin que nadie note que las est\u00e1s usando\" \/>\n<meta property=\"og:url\" content=\"https:\/\/lapes.com.ar\/?product=lapes-tiras-nasales\" \/>\n<meta property=\"og:site_name\" content=\"LAPES\" \/>\n<meta property=\"article:modified_time\" content=\"2025-12-13T02:00:17+00:00\" \/>\n<meta property=\"og:image\" content=\"https:\/\/lapes.com.ar\/wp-content\/uploads\/2025\/12\/m_ziplock2-1-1e244570e41842805017607861883855-1024-1024-e1765239541903.webp\" \/>\n\t<meta property=\"og:image:width\" content=\"720\" \/>\n\t<meta property=\"og:image:height\" content=\"683\" \/>\n\t<meta property=\"og:image:type\" content=\"image\/webp\" \/>\n<meta name=\"twitter:card\" content=\"summary_large_image\" \/>\n<meta name=\"twitter:label1\" content=\"Tiempo de lectura\" \/>\n\t<meta name=\"twitter:data1\" content=\"1 minuto\" \/>\n<script type=\"application\/ld+json\" class=\"yoast-schema-graph\">{\"@context\":\"https:\\\/\\\/schema.org\",\"@graph\":[{\"@type\":\"WebPage\",\"@id\":\"https:\\\/\\\/lapes.com.ar\\\/?product=lapes-tiras-nasales\",\"url\":\"https:\\\/\\\/lapes.com.ar\\\/?product=lapes-tiras-nasales\",\"name\":\"LAPES - Tiras Nasales - LAPES\",\"isPartOf\":{\"@id\":\"https:\\\/\\\/lapes.com.ar\\\/#website\"},\"primaryImageOfPage\":{\"@id\":\"https:\\\/\\\/lapes.com.ar\\\/?product=lapes-tiras-nasales#primaryimage\"},\"image\":{\"@id\":\"https:\\\/\\\/lapes.com.ar\\\/?product=lapes-tiras-nasales#primaryimage\"},\"thumbnailUrl\":\"https:\\\/\\\/lapes.com.ar\\\/wp-content\\\/uploads\\\/2025\\\/12\\\/m_ziplock2-1-1e244570e41842805017607861883855-1024-1024-e1765239541903.webp\",\"datePublished\":\"2025-12-10T00:54:51+00:00\",\"dateModified\":\"2025-12-13T02:00:17+00:00\",\"breadcrumb\":{\"@id\":\"https:\\\/\\\/lapes.com.ar\\\/?product=lapes-tiras-nasales#breadcrumb\"},\"inLanguage\":\"es-AR\",\"potentialAction\":[{\"@type\":\"ReadAction\",\"target\":[\"https:\\\/\\\/lapes.com.ar\\\/?product=lapes-tiras-nasales\"]}]},{\"@type\":\"ImageObject\",\"inLanguage\":\"es-AR\",\"@id\":\"https:\\\/\\\/lapes.com.ar\\\/?product=lapes-tiras-nasales#primaryimage\",\"url\":\"https:\\\/\\\/lapes.com.ar\\\/wp-content\\\/uploads\\\/2025\\\/12\\\/m_ziplock2-1-1e244570e41842805017607861883855-1024-1024-e1765239541903.webp\",\"contentUrl\":\"https:\\\/\\\/lapes.com.ar\\\/wp-content\\\/uploads\\\/2025\\\/12\\\/m_ziplock2-1-1e244570e41842805017607861883855-1024-1024-e1765239541903.webp\",\"width\":720,\"height\":683},{\"@type\":\"BreadcrumbList\",\"@id\":\"https:\\\/\\\/lapes.com.ar\\\/?product=lapes-tiras-nasales#breadcrumb\",\"itemListElement\":[{\"@type\":\"ListItem\",\"position\":1,\"name\":\"Inicio\",\"item\":\"https:\\\/\\\/lapes.com.ar\\\/\"},{\"@type\":\"ListItem\",\"position\":2,\"name\":\"Tienda\",\"item\":\"https:\\\/\\\/lapes.com.ar\\\/?page_id=760\"},{\"@type\":\"ListItem\",\"position\":3,\"name\":\"LAPES &#8211; Tiras Nasales\"}]},{\"@type\":\"WebSite\",\"@id\":\"https:\\\/\\\/lapes.com.ar\\\/#website\",\"url\":\"https:\\\/\\\/lapes.com.ar\\\/\",\"name\":\"LAPES\",\"description\":\"\",\"publisher\":{\"@id\":\"https:\\\/\\\/lapes.com.ar\\\/#organization\"},\"potentialAction\":[{\"@type\":\"SearchAction\",\"target\":{\"@type\":\"EntryPoint\",\"urlTemplate\":\"https:\\\/\\\/lapes.com.ar\\\/?s={search_term_string}\"},\"query-input\":{\"@type\":\"PropertyValueSpecification\",\"valueRequired\":true,\"valueName\":\"search_term_string\"}}],\"inLanguage\":\"es-AR\"},{\"@type\":\"Organization\",\"@id\":\"https:\\\/\\\/lapes.com.ar\\\/#organization\",\"name\":\"LAPES\",\"url\":\"https:\\\/\\\/lapes.com.ar\\\/\",\"logo\":{\"@type\":\"ImageObject\",\"inLanguage\":\"es-AR\",\"@id\":\"https:\\\/\\\/lapes.com.ar\\\/#\\\/schema\\\/logo\\\/image\\\/\",\"url\":\"https:\\\/\\\/lapes.com.ar\\\/wp-content\\\/uploads\\\/2025\\\/12\\\/cropped-improved_logo-1-e1765753665175.png\",\"contentUrl\":\"https:\\\/\\\/lapes.com.ar\\\/wp-content\\\/uploads\\\/2025\\\/12\\\/cropped-improved_logo-1-e1765753665175.png\",\"width\":494,\"height\":494,\"caption\":\"LAPES\"},\"image\":{\"@id\":\"https:\\\/\\\/lapes.com.ar\\\/#\\\/schema\\\/logo\\\/image\\\/\"},\"sameAs\":[\"https:\\\/\\\/www.tiktok.com\\\/@lapes.fit?_r=1&_t=ZM-92E6y1KNHtD\",\"https:\\\/\\\/www.instagram.com\\\/lapes.fit\\\/?igsh=MWlrNjA4MDdscjVsNg\"]}]}<\/script>\n<!-- \/ Yoast SEO plugin. -->","yoast_head_json":{"title":"LAPES - Tiras Nasales - LAPES","robots":{"index":"index","follow":"follow","max-snippet":"max-snippet:-1","max-image-preview":"max-image-preview:large","max-video-preview":"max-video-preview:-1"},"canonical":"https:\/\/lapes.com.ar\/?product=lapes-tiras-nasales","og_locale":"es_ES","og_type":"article","og_title":"LAPES - Tiras Nasales - LAPES","og_description":"Tiras Nasales Transparentes LAPES \u2013 Pack x30 Respir\u00e1 mejor y con total discreci\u00f3n. Las tiras nasales descartables LAPES est\u00e1n dise\u00f1adas para abrir suavemente las fosas nasales, mejorando el flujo de aire y reduciendo la congesti\u00f3n. A diferencia de otras tiras, su acabado transparente las hace casi invisibles, ideales para usar durante el d\u00eda, en el trabajo, al hacer deporte o al dormir. &#8211; Pack econ\u00f3mico de 30 unidades: pr\u00e1ctico y duradero. &#8211; Transparencia total: discreci\u00f3n sin comprometer efectividad. &#8211; Uso c\u00f3modo y seguro: material hipoalerg\u00e9nico, suave con la piel. &#8211; Beneficios inmediatos: ayuda a reducir ronquidos, mejorar la respiraci\u00f3n y aumentar el rendimiento f\u00edsico. &#8211; Descartables: higiene garantizada en cada aplicaci\u00f3n. Con LAPES, tu respiraci\u00f3n se vuelve m\u00e1s libre y natural, sin que nadie note que las est\u00e1s usando","og_url":"https:\/\/lapes.com.ar\/?product=lapes-tiras-nasales","og_site_name":"LAPES","article_modified_time":"2025-12-13T02:00:17+00:00","og_image":[{"width":720,"height":683,"url":"https:\/\/lapes.com.ar\/wp-content\/uploads\/2025\/12\/m_ziplock2-1-1e244570e41842805017607861883855-1024-1024-e1765239541903.webp","type":"image\/webp"}],"twitter_card":"summary_large_image","twitter_misc":{"Tiempo de lectura":"1 minuto"},"schema":{"@context":"https:\/\/schema.org","@graph":[{"@type":"WebPage","@id":"https:\/\/lapes.com.ar\/?product=lapes-tiras-nasales","url":"https:\/\/lapes.com.ar\/?product=lapes-tiras-nasales","name":"LAPES - Tiras Nasales - LAPES","isPartOf":{"@id":"https:\/\/lapes.com.ar\/#website"},"primaryImageOfPage":{"@id":"https:\/\/lapes.com.ar\/?product=lapes-tiras-nasales#primaryimage"},"image":{"@id":"https:\/\/lapes.com.ar\/?product=lapes-tiras-nasales#primaryimage"},"thumbnailUrl":"https:\/\/lapes.com.ar\/wp-content\/uploads\/2025\/12\/m_ziplock2-1-1e244570e41842805017607861883855-1024-1024-e1765239541903.webp","datePublished":"2025-12-10T00:54:51+00:00","dateModified":"2025-12-13T02:00:17+00:00","breadcrumb":{"@id":"https:\/\/lapes.com.ar\/?product=lapes-tiras-nasales#breadcrumb"},"inLanguage":"es-AR","potentialAction":[{"@type":"ReadAction","target":["https:\/\/lapes.com.ar\/?product=lapes-tiras-nasales"]}]},{"@type":"ImageObject","inLanguage":"es-AR","@id":"https:\/\/lapes.com.ar\/?product=lapes-tiras-nasales#primaryimage","url":"https:\/\/lapes.com.ar\/wp-content\/uploads\/2025\/12\/m_ziplock2-1-1e244570e41842805017607861883855-1024-1024-e1765239541903.webp","contentUrl":"https:\/\/lapes.com.ar\/wp-content\/uploads\/2025\/12\/m_ziplock2-1-1e244570e41842805017607861883855-1024-1024-e1765239541903.webp","width":720,"height":683},{"@type":"BreadcrumbList","@id":"https:\/\/lapes.com.ar\/?product=lapes-tiras-nasales#breadcrumb","itemListElement":[{"@type":"ListItem","position":1,"name":"Inicio","item":"https:\/\/lapes.com.ar\/"},{"@type":"ListItem","position":2,"name":"Tienda","item":"https:\/\/lapes.com.ar\/?page_id=760"},{"@type":"ListItem","position":3,"name":"LAPES &#8211; Tiras Nasales"}]},{"@type":"WebSite","@id":"https:\/\/lapes.com.ar\/#website","url":"https:\/\/lapes.com.ar\/","name":"LAPES","description":"","publisher":{"@id":"https:\/\/lapes.com.ar\/#organization"},"potentialAction":[{"@type":"SearchAction","target":{"@type":"EntryPoint","urlTemplate":"https:\/\/lapes.com.ar\/?s={search_term_string}"},"query-input":{"@type":"PropertyValueSpecification","valueRequired":true,"valueName":"search_term_string"}}],"inLanguage":"es-AR"},{"@type":"Organization","@id":"https:\/\/lapes.com.ar\/#organization","name":"LAPES","url":"https:\/\/lapes.com.ar\/","logo":{"@type":"ImageObject","inLanguage":"es-AR","@id":"https:\/\/lapes.com.ar\/#\/schema\/logo\/image\/","url":"https:\/\/lapes.com.ar\/wp-content\/uploads\/2025\/12\/cropped-improved_logo-1-e1765753665175.png","contentUrl":"https:\/\/lapes.com.ar\/wp-content\/uploads\/2025\/12\/cropped-improved_logo-1-e1765753665175.png","width":494,"height":494,"caption":"LAPES"},"image":{"@id":"https:\/\/lapes.com.ar\/#\/schema\/logo\/image\/"},"sameAs":["https:\/\/www.tiktok.com\/@lapes.fit?_r=1&_t=ZM-92E6y1KNHtD","https:\/\/www.instagram.com\/lapes.fit\/?igsh=MWlrNjA4MDdscjVsNg"]}]}},"jetpack_sharing_enabled":true,"_links":{"self":[{"href":"https:\/\/lapes.com.ar\/index.php?rest_route=\/wp\/v2\/product\/169","targetHints":{"allow":["GET"]}}],"collection":[{"href":"https:\/\/lapes.com.ar\/index.php?rest_route=\/wp\/v2\/product"}],"about":[{"href":"https:\/\/lapes.com.ar\/index.php?rest_route=\/wp\/v2\/types\/product"}],"replies":[{"embeddable":true,"href":"https:\/\/lapes.com.ar\/index.php?rest_route=%2Fwp%2Fv2%2Fcomments&post=169"}],"wp:featuredmedia":[{"embeddable":true,"href":"https:\/\/lapes.com.ar\/index.php?rest_route=\/wp\/v2\/media\/65"}],"wp:attachment":[{"href":"https:\/\/lapes.com.ar\/index.php?rest_route=%2Fwp%2Fv2%2Fmedia&parent=169"}],"wp:term":[{"taxonomy":"product_brand","embeddable":true,"href":"https:\/\/lapes.com.ar\/index.php?rest_route=%2Fwp%2Fv2%2Fproduct_brand&post=169"},{"taxonomy":"product_cat","embeddable":true,"href":"https:\/\/lapes.com.ar\/index.php?rest_route=%2Fwp%2Fv2%2Fproduct_cat&post=169"},{"taxonomy":"product_tag","embeddable":true,"href":"https:\/\/lapes.com.ar\/index.php?rest_route=%2Fwp%2Fv2%2Fproduct_tag&post=169"}],"curies":[{"name":"wp","href":"https:\/\/api.w.org\/{rel}","templated":true}]}}