{"id":718,"date":"2025-12-12T22:02:23","date_gmt":"2025-12-12T22:02:23","guid":{"rendered":"https:\/\/lapes.com.ar\/?page_id=718"},"modified":"2025-12-13T13:54:35","modified_gmt":"2025-12-13T13:54:35","slug":"carrito","status":"publish","type":"page","link":"https:\/\/lapes.com.ar\/?page_id=718","title":{"rendered":"Carrito"},"content":{"rendered":"\t\t<div data-elementor-type=\"wp-page\" data-elementor-id=\"718\" class=\"elementor elementor-718\" data-elementor-settings=\"{&quot;ha_cmc_init_switcher&quot;:&quot;no&quot;}\" data-elementor-post-type=\"page\">\n\t\t\t\t<div class=\"elementor-element elementor-element-973faa9 e-flex e-con-boxed wpr-particle-no wpr-jarallax-no wpr-parallax-no wpr-sticky-section-no e-con e-parent\" data-id=\"973faa9\" data-element_type=\"container\" data-e-type=\"container\" data-settings=\"{&quot;_ha_eqh_enable&quot;:false}\">\n\t\t\t\t\t<div class=\"e-con-inner\">\n\t\t\t\t<div class=\"elementor-element elementor-element-9da3160 wpr-cart-vertical wpr-checkout-flex-end elementor-invisible elementor-widget elementor-widget-wpr-page-cart\" data-id=\"9da3160\" data-element_type=\"widget\" data-e-type=\"widget\" data-settings=\"{&quot;_animation&quot;:&quot;fadeInUp&quot;}\" data-widget_type=\"wpr-page-cart.default\">\n\t\t\t\t\t<div class=\"woocommerce\"><div class=\"woocommerce-notices-wrapper\"><\/div><div class=\"wc-empty-cart-message\">\n\t<div class=\"cart-empty woocommerce-info\">\n\t\tTu carrito est\u00e1 vac\u00edo.\t<\/div>\n<\/div>\t<p class=\"return-to-shop\">\n\t\t<a class=\"button wc-backward\" href=\"https:\/\/lapes.com.ar\/?page_id=760\">\n\t\t\tVolver a la tienda\t\t<\/a>\n\t<\/p>\n<\/div>\t\t\t\t<\/div>\n\t\t\t\t\t<\/div>\n\t\t\t\t<\/div>\n\t\t\t\t<\/div>\n\t\t\n    <div class=\"xs_social_share_widget xs_share_url after_content \t\tmain_content  wslu-style-1 wslu-share-box-shaped wslu-fill-colored wslu-none wslu-share-horizontal wslu-theme-font-no wslu-main_content\">\n\n\t\t\n        <ul>\n\t\t\t        <\/ul>\n    <\/div> \n","protected":false},"excerpt":{"rendered":"<p>Zona de coincidencia con el cliente &#8220;Local (Ober\u00e1)&#8221; &nbsp; Producto &nbsp; Precio Cantidad Subtotal &times; LAPES &#8211; Tiras Nasales &#36;18,500.00 LAPES &#8211; Tiras Nasales cantidad &#36;18,500.00 Actualizar Carrito Aplicar cupon Total Subtotal &#36;18,500.00 Env\u00edo Env\u00edo gratuito Enviar a aa 100, obera, Misiones, 3360. Cambiar direcci\u00f3n Country \/ region Seleccion\u00e1 un pa\u00eds \/ regi\u00f3n&hellip;Argentina Regi\u00f3n \/ Provincia \/ Departamento Eleg\u00ed una opci\u00f3n&hellip;Ciudad Aut\u00f3noma de Buenos AiresBuenos AiresCatamarcaChacoChubutC\u00f3rdobaCorrientesEntre R\u00edosFormosaJujuyLa PampaLa RiojaMendozaMisionesNeuqu\u00e9nR\u00edo NegroSaltaSan JuanSan LuisSanta CruzSanta FeSantiago del EsteroTierra del FuegoTucum\u00e1n City: Postcode \/ ZIP: Actualizar Total &#36;18,500.00 Continuar<\/p>\n","protected":false},"author":1,"featured_media":0,"parent":0,"menu_order":0,"comment_status":"closed","ping_status":"closed","template":"elementor_header_footer","meta":{"postBodyCss":"","postBodyMargin":[],"postBodyPadding":[],"postBodyBackground":{"backgroundType":"classic","gradient":""},"footnotes":""},"class_list":["post-718","page","type-page","status-publish","hentry"],"yoast_head":"<!-- This site is optimized with the Yoast SEO plugin v27.3 - https:\/\/yoast.com\/product\/yoast-seo-wordpress\/ -->\n<title>Carrito - LAPES<\/title>\n<meta name=\"robots\" content=\"index, follow, max-snippet:-1, max-image-preview:large, max-video-preview:-1\" \/>\n<link rel=\"canonical\" href=\"https:\/\/lapes.com.ar\/?page_id=718\" \/>\n<meta property=\"og:locale\" content=\"es_ES\" \/>\n<meta property=\"og:type\" content=\"article\" \/>\n<meta property=\"og:title\" content=\"Carrito - LAPES\" \/>\n<meta property=\"og:description\" content=\"Zona de coincidencia con el cliente &#8220;Local (Ober\u00e1)&#8221; &nbsp; Producto &nbsp; Precio Cantidad Subtotal &times; LAPES &#8211; Tiras Nasales &#036;18,500.00 LAPES &#8211; Tiras Nasales cantidad &#036;18,500.00 Actualizar Carrito Aplicar cupon Total Subtotal &#036;18,500.00 Env\u00edo Env\u00edo gratuito Enviar a aa 100, obera, Misiones, 3360. Cambiar direcci\u00f3n Country \/ region Seleccion\u00e1 un pa\u00eds \/ regi\u00f3n&hellip;Argentina Regi\u00f3n \/ Provincia \/ Departamento Eleg\u00ed una opci\u00f3n&hellip;Ciudad Aut\u00f3noma de Buenos AiresBuenos AiresCatamarcaChacoChubutC\u00f3rdobaCorrientesEntre R\u00edosFormosaJujuyLa PampaLa RiojaMendozaMisionesNeuqu\u00e9nR\u00edo NegroSaltaSan JuanSan LuisSanta CruzSanta FeSantiago del EsteroTierra del FuegoTucum\u00e1n City: Postcode \/ ZIP: Actualizar Total &#036;18,500.00 Continuar\" \/>\n<meta property=\"og:url\" content=\"https:\/\/lapes.com.ar\/?page_id=718\" \/>\n<meta property=\"og:site_name\" content=\"LAPES\" \/>\n<meta property=\"article:modified_time\" content=\"2025-12-13T13:54:35+00:00\" \/>\n<meta property=\"og:image\" content=\"https:\/\/lapes.com.ar\/wp-content\/uploads\/2025\/12\/m_ziplock2-1-1e244570e41842805017607861883855-1024-1024-e1765239541903-300x300.webp\" \/>\n<meta name=\"twitter:card\" content=\"summary_large_image\" \/>\n<script type=\"application\/ld+json\" class=\"yoast-schema-graph\">{\"@context\":\"https:\\\/\\\/schema.org\",\"@graph\":[{\"@type\":\"WebPage\",\"@id\":\"https:\\\/\\\/lapes.com.ar\\\/?page_id=718\",\"url\":\"https:\\\/\\\/lapes.com.ar\\\/?page_id=718\",\"name\":\"Carrito - LAPES\",\"isPartOf\":{\"@id\":\"https:\\\/\\\/lapes.com.ar\\\/#website\"},\"primaryImageOfPage\":{\"@id\":\"https:\\\/\\\/lapes.com.ar\\\/?page_id=718#primaryimage\"},\"image\":{\"@id\":\"https:\\\/\\\/lapes.com.ar\\\/?page_id=718#primaryimage\"},\"thumbnailUrl\":\"https:\\\/\\\/lapes.com.ar\\\/wp-content\\\/uploads\\\/2025\\\/12\\\/m_ziplock2-1-1e244570e41842805017607861883855-1024-1024-e1765239541903-300x300.webp\",\"datePublished\":\"2025-12-12T22:02:23+00:00\",\"dateModified\":\"2025-12-13T13:54:35+00:00\",\"breadcrumb\":{\"@id\":\"https:\\\/\\\/lapes.com.ar\\\/?page_id=718#breadcrumb\"},\"inLanguage\":\"es-AR\",\"potentialAction\":[{\"@type\":\"ReadAction\",\"target\":[\"https:\\\/\\\/lapes.com.ar\\\/?page_id=718\"]}]},{\"@type\":\"ImageObject\",\"inLanguage\":\"es-AR\",\"@id\":\"https:\\\/\\\/lapes.com.ar\\\/?page_id=718#primaryimage\",\"url\":\"https:\\\/\\\/lapes.com.ar\\\/wp-content\\\/uploads\\\/2025\\\/12\\\/m_ziplock2-1-1e244570e41842805017607861883855-1024-1024-e1765239541903-300x300.webp\",\"contentUrl\":\"https:\\\/\\\/lapes.com.ar\\\/wp-content\\\/uploads\\\/2025\\\/12\\\/m_ziplock2-1-1e244570e41842805017607861883855-1024-1024-e1765239541903-300x300.webp\"},{\"@type\":\"BreadcrumbList\",\"@id\":\"https:\\\/\\\/lapes.com.ar\\\/?page_id=718#breadcrumb\",\"itemListElement\":[{\"@type\":\"ListItem\",\"position\":1,\"name\":\"Inicio\",\"item\":\"https:\\\/\\\/lapes.com.ar\\\/\"},{\"@type\":\"ListItem\",\"position\":2,\"name\":\"Carrito\"}]},{\"@type\":\"WebSite\",\"@id\":\"https:\\\/\\\/lapes.com.ar\\\/#website\",\"url\":\"https:\\\/\\\/lapes.com.ar\\\/\",\"name\":\"LAPES\",\"description\":\"\",\"publisher\":{\"@id\":\"https:\\\/\\\/lapes.com.ar\\\/#organization\"},\"potentialAction\":[{\"@type\":\"SearchAction\",\"target\":{\"@type\":\"EntryPoint\",\"urlTemplate\":\"https:\\\/\\\/lapes.com.ar\\\/?s={search_term_string}\"},\"query-input\":{\"@type\":\"PropertyValueSpecification\",\"valueRequired\":true,\"valueName\":\"search_term_string\"}}],\"inLanguage\":\"es-AR\"},{\"@type\":\"Organization\",\"@id\":\"https:\\\/\\\/lapes.com.ar\\\/#organization\",\"name\":\"LAPES\",\"url\":\"https:\\\/\\\/lapes.com.ar\\\/\",\"logo\":{\"@type\":\"ImageObject\",\"inLanguage\":\"es-AR\",\"@id\":\"https:\\\/\\\/lapes.com.ar\\\/#\\\/schema\\\/logo\\\/image\\\/\",\"url\":\"https:\\\/\\\/lapes.com.ar\\\/wp-content\\\/uploads\\\/2025\\\/12\\\/cropped-improved_logo-1-e1765753665175.png\",\"contentUrl\":\"https:\\\/\\\/lapes.com.ar\\\/wp-content\\\/uploads\\\/2025\\\/12\\\/cropped-improved_logo-1-e1765753665175.png\",\"width\":494,\"height\":494,\"caption\":\"LAPES\"},\"image\":{\"@id\":\"https:\\\/\\\/lapes.com.ar\\\/#\\\/schema\\\/logo\\\/image\\\/\"},\"sameAs\":[\"https:\\\/\\\/www.tiktok.com\\\/@lapes.fit?_r=1&_t=ZM-92E6y1KNHtD\",\"https:\\\/\\\/www.instagram.com\\\/lapes.fit\\\/?igsh=MWlrNjA4MDdscjVsNg\"]}]}<\/script>\n<!-- \/ Yoast SEO plugin. -->","yoast_head_json":{"title":"Carrito - LAPES","robots":{"index":"index","follow":"follow","max-snippet":"max-snippet:-1","max-image-preview":"max-image-preview:large","max-video-preview":"max-video-preview:-1"},"canonical":"https:\/\/lapes.com.ar\/?page_id=718","og_locale":"es_ES","og_type":"article","og_title":"Carrito - LAPES","og_description":"Zona de coincidencia con el cliente &#8220;Local (Ober\u00e1)&#8221; &nbsp; Producto &nbsp; Precio Cantidad Subtotal &times; LAPES &#8211; Tiras Nasales &#36;18,500.00 LAPES &#8211; Tiras Nasales cantidad &#36;18,500.00 Actualizar Carrito Aplicar cupon Total Subtotal &#36;18,500.00 Env\u00edo Env\u00edo gratuito Enviar a aa 100, obera, Misiones, 3360. Cambiar direcci\u00f3n Country \/ region Seleccion\u00e1 un pa\u00eds \/ regi\u00f3n&hellip;Argentina Regi\u00f3n \/ Provincia \/ Departamento Eleg\u00ed una opci\u00f3n&hellip;Ciudad Aut\u00f3noma de Buenos AiresBuenos AiresCatamarcaChacoChubutC\u00f3rdobaCorrientesEntre R\u00edosFormosaJujuyLa PampaLa RiojaMendozaMisionesNeuqu\u00e9nR\u00edo NegroSaltaSan JuanSan LuisSanta CruzSanta FeSantiago del EsteroTierra del FuegoTucum\u00e1n City: Postcode \/ ZIP: Actualizar Total &#36;18,500.00 Continuar","og_url":"https:\/\/lapes.com.ar\/?page_id=718","og_site_name":"LAPES","article_modified_time":"2025-12-13T13:54:35+00:00","og_image":[{"url":"https:\/\/lapes.com.ar\/wp-content\/uploads\/2025\/12\/m_ziplock2-1-1e244570e41842805017607861883855-1024-1024-e1765239541903-300x300.webp","type":"","width":"","height":""}],"twitter_card":"summary_large_image","schema":{"@context":"https:\/\/schema.org","@graph":[{"@type":"WebPage","@id":"https:\/\/lapes.com.ar\/?page_id=718","url":"https:\/\/lapes.com.ar\/?page_id=718","name":"Carrito - LAPES","isPartOf":{"@id":"https:\/\/lapes.com.ar\/#website"},"primaryImageOfPage":{"@id":"https:\/\/lapes.com.ar\/?page_id=718#primaryimage"},"image":{"@id":"https:\/\/lapes.com.ar\/?page_id=718#primaryimage"},"thumbnailUrl":"https:\/\/lapes.com.ar\/wp-content\/uploads\/2025\/12\/m_ziplock2-1-1e244570e41842805017607861883855-1024-1024-e1765239541903-300x300.webp","datePublished":"2025-12-12T22:02:23+00:00","dateModified":"2025-12-13T13:54:35+00:00","breadcrumb":{"@id":"https:\/\/lapes.com.ar\/?page_id=718#breadcrumb"},"inLanguage":"es-AR","potentialAction":[{"@type":"ReadAction","target":["https:\/\/lapes.com.ar\/?page_id=718"]}]},{"@type":"ImageObject","inLanguage":"es-AR","@id":"https:\/\/lapes.com.ar\/?page_id=718#primaryimage","url":"https:\/\/lapes.com.ar\/wp-content\/uploads\/2025\/12\/m_ziplock2-1-1e244570e41842805017607861883855-1024-1024-e1765239541903-300x300.webp","contentUrl":"https:\/\/lapes.com.ar\/wp-content\/uploads\/2025\/12\/m_ziplock2-1-1e244570e41842805017607861883855-1024-1024-e1765239541903-300x300.webp"},{"@type":"BreadcrumbList","@id":"https:\/\/lapes.com.ar\/?page_id=718#breadcrumb","itemListElement":[{"@type":"ListItem","position":1,"name":"Inicio","item":"https:\/\/lapes.com.ar\/"},{"@type":"ListItem","position":2,"name":"Carrito"}]},{"@type":"WebSite","@id":"https:\/\/lapes.com.ar\/#website","url":"https:\/\/lapes.com.ar\/","name":"LAPES","description":"","publisher":{"@id":"https:\/\/lapes.com.ar\/#organization"},"potentialAction":[{"@type":"SearchAction","target":{"@type":"EntryPoint","urlTemplate":"https:\/\/lapes.com.ar\/?s={search_term_string}"},"query-input":{"@type":"PropertyValueSpecification","valueRequired":true,"valueName":"search_term_string"}}],"inLanguage":"es-AR"},{"@type":"Organization","@id":"https:\/\/lapes.com.ar\/#organization","name":"LAPES","url":"https:\/\/lapes.com.ar\/","logo":{"@type":"ImageObject","inLanguage":"es-AR","@id":"https:\/\/lapes.com.ar\/#\/schema\/logo\/image\/","url":"https:\/\/lapes.com.ar\/wp-content\/uploads\/2025\/12\/cropped-improved_logo-1-e1765753665175.png","contentUrl":"https:\/\/lapes.com.ar\/wp-content\/uploads\/2025\/12\/cropped-improved_logo-1-e1765753665175.png","width":494,"height":494,"caption":"LAPES"},"image":{"@id":"https:\/\/lapes.com.ar\/#\/schema\/logo\/image\/"},"sameAs":["https:\/\/www.tiktok.com\/@lapes.fit?_r=1&_t=ZM-92E6y1KNHtD","https:\/\/www.instagram.com\/lapes.fit\/?igsh=MWlrNjA4MDdscjVsNg"]}]}},"_hostinger_reach_plugin_has_subscription_block":false,"_hostinger_reach_plugin_is_elementor":false,"jetpack_sharing_enabled":true,"_links":{"self":[{"href":"https:\/\/lapes.com.ar\/index.php?rest_route=\/wp\/v2\/pages\/718","targetHints":{"allow":["GET"]}}],"collection":[{"href":"https:\/\/lapes.com.ar\/index.php?rest_route=\/wp\/v2\/pages"}],"about":[{"href":"https:\/\/lapes.com.ar\/index.php?rest_route=\/wp\/v2\/types\/page"}],"author":[{"embeddable":true,"href":"https:\/\/lapes.com.ar\/index.php?rest_route=\/wp\/v2\/users\/1"}],"replies":[{"embeddable":true,"href":"https:\/\/lapes.com.ar\/index.php?rest_route=%2Fwp%2Fv2%2Fcomments&post=718"}],"version-history":[{"count":50,"href":"https:\/\/lapes.com.ar\/index.php?rest_route=\/wp\/v2\/pages\/718\/revisions"}],"predecessor-version":[{"id":839,"href":"https:\/\/lapes.com.ar\/index.php?rest_route=\/wp\/v2\/pages\/718\/revisions\/839"}],"wp:attachment":[{"href":"https:\/\/lapes.com.ar\/index.php?rest_route=%2Fwp%2Fv2%2Fmedia&parent=718"}],"curies":[{"name":"wp","href":"https:\/\/api.w.org\/{rel}","templated":true}]}}